509
List the prime factors of 1191.
3, 397
List the prime factors of 21702.
2, 3, 3617
What are the prime factors of 4405?
5, 881
List the prime factors of 1386.
2, 3, 7, 11
What are the prime factors of 656?
2, 41
List the prime factors of 57451.
73, 787
List the prime factors of 8181.
3, 101
What are the prime factors of 2855?
5, 571
What are the prime factors of 14176?
2, 443
What are the prime factors of 776?
2, 97
List the prime factors of 74036.
2, 83, 223
What are the prime factors of 8896?
2, 139
List the prime factors of 708.
2, 3, 59
What are the prime factors of 1539?
3, 19
List the prime factors of 89357.
19, 4703
What are the prime factors of 5113?
5113
List the prime factors of 1315.
5, 263
List the prime factors of 16023.
3, 7, 109
What are the prime factors of 5315?
5, 1063
List the prime factors of 2080.
2, 5, 13
What are the prime factors of 4561?
4561
What are the prime factors of 3190?
2, 5, 11, 29
What are the prime factors of 678?
2, 3, 113
What are the prime factors of 64751?
73, 887
List the prime factors of 1059.
3, 353
List the prime factors of 6315.
3, 5, 421
List the prime factors of 16143.
3, 5381
What are the prime factors of 113168?
2, 11, 643
List the prime factors of 57571.
57571
List the prime factors of 51370.
2, 5, 11, 467
What are the prime factors of 6533?
47, 139
List the prime factors of 3487.
11, 317
What are the prime factors of 41196?
2, 3, 3433
What are the prime factors of 13335?
3, 5, 7, 127
What are the prime factors of 8190?
2, 3, 5, 7, 13
What are the prime factors of 5368?
2, 11, 61
List the prime factors of 3297.
3, 7, 157
What are the prime factors of 301?
7, 43
List the prime factors of 110074.
2, 47, 1171
List the prime factors of 6970.
2, 5, 17, 41
What are the prime factors of 746?
2, 373
List the prime factors of 4250.
2, 5, 17
What are the prime factors of 11224?
2, 23, 61
What are the prime factors of 2253?
3, 751
What are the prime factors of 91535?
5, 18307
List the prime factors of 86521.
31, 2791
List the prime factors of 512.
2
List the prime factors of 12136.
2, 37, 41
List the prime factors of 5802.
2, 3, 967
List the prime factors of 1115.
5, 223
What are the prime factors of 7475?
5, 13, 23
List the prime factors of 5468.
2, 1367
What are the prime factors of 2888?
2, 19
What are the prime factors of 705?
3, 5, 47
What are the prime factors of 3626?
2, 7, 37
What are the prime factors of 1800?
2, 3, 5
What are the prime factors of 4282?
2, 2141
What are the prime factors of 111?
3, 37
List the prime factors of 9151.
9151
List the prime factors of 65173.
65173
What are the prime factors of 49568?
2, 1549
What are the prime factors of 1577?
19, 83
List the prime factors of 11498.
2, 5749
What are the prime factors of 22339?
89, 251
List the prime factors of 13814.
2, 6907
What are the prime factors of 4?
2
What are the prime factors of 10998?
2, 3, 13, 47
List the prime factors of 261.
3, 29
List the prime factors of 1172.
2, 293
What are the prime factors of 47034?
2, 3, 13, 67
What are the prime factors of 6640?
2, 5, 83
What are the prime factors of 995?
5, 199
What are the prime factors of 13238?
2, 6619
What are the prime factors of 5042?
2, 2521
List the prime factors of 166585.
5, 33317
What are the prime factors of 6146?
2, 7, 439
List the prime factors of 2660.
2, 5, 7, 19
What are the prime factors of 1375?
5, 11
List the prime factors of 35159.
35159
List the prime factors of 22178.
2, 13, 853
List the prime factors of 3368.
2, 421
What are the prime factors of 1358?
2, 7, 97
What are the prime factors of 2644?
2, 661
What are the prime factors of 18627?
3, 7, 887
What are the prime factors of 3520?
2, 5, 11
List the prime factors of 128609.
13, 761
List the prime factors of 98313.
3, 32771
What are the prime factors of 1543?
1543
List the prime factors of 5822.
2, 41, 71
List the prime factors of 1956.
2, 3, 163
List the prime factors of 3681.
3, 409
What are the prime factors of 718?
2, 359
List the prime factors of 27449.
27449
What are the prime factors of 1450?
2, 5, 29
List the prime factors of 89040.
2, 3, 5, 7, 53
List the prime factors of 56583.
3, 6287
What are the prime factors of 6678?
2, 3, 7, 53
List the prime factors of 6643.
7, 13, 73
What are the prime factors of 2673?
3, 11
List the prime factors of 4960.
2, 5, 31
What are the prime factors of 4303?
13, 331
List the prime factors of 77714.
2, 7, 13, 61
What are the prime factors of 4036?
2, 1009
What are the prime factors of 82149?
3, 139, 197
List the prime factors of 4906.
2, 11, 223
List the prime factors of 882.
2, 3, 7
What are the prime factors of 3698?
2, 43
What are the prime factors of 630?
2, 3, 5, 7
List the prime factors of 1712.
2, 107
What are the prime factors of 1920?
2, 3, 5
What are the prime factors of 55113?
3, 18371
What are the prime factors of 71490?
2, 3, 5, 2383
List the prime factors of 4500.
2, 3, 5
List the prime factors of 1181.
1181
What are the prime factors of 1350?
2, 3, 5
What are the prime factors of 12369?
3, 7, 19, 31
List the prime factors of 20487.
3, 6829
List the prime factors of 43120.
2, 5, 7, 11
List the prime factors of 59553.
3, 13, 509
What are the prime factors of 48708?
2, 3, 11, 41
List the prime factors of 2091.
3, 17, 41
What are the prime factors of 1477?
7, 211
List the prime factors of 23431.
23431
List the prime factors of 486.
2, 3
What are the prime factors of 910?
2, 5, 7, 13
What are the prime factors of 510?
2, 3, 5, 17
List the prime factors of 758.
2, 379
List the prime factors of 81679.
13, 61, 103
List the prime factors of 2266.
2, 11, 103
What are the prime factors of 1616?
2, 101
What are the prime factors of 11795?
5, 7, 337
What are the prime factors of 1410?
2, 3, 5, 47
What are the prime factors of 670?
2, 5, 67
What are the prime factors of 4449?
3, 1483
What are the prime factors of 8119?
23, 353
List the prime factors of 7046.
2, 13, 271
List the prime factors of 28144.
2, 1759
What are the prime factors of 311?
311
List the prime factors of 5720.
2, 5, 11, 13
What are the prime factors of 1876?
2, 7, 67
What are the prime factors of 6584?
2, 823
List the prime factors of 49912.
2, 17, 367
What are the prime factors of 9651?
3, 3217
What are the prime factors of 840?
2, 3, 5, 7
What are the prime factors of 2841?
3, 947
List the prime factors of 26959.
26959
List the prime factors of 1135.
5, 227
What are the prime factors of 8604?
2, 3, 239
List the prime factors of 6715.
5, 17, 79
What are the prime factors of 1165?
5, 233
What are the prime factors of 20766?
2, 3, 3461
What are the prime factors of 10537?
41, 257
What are the prime factors of 5208?
2, 3, 7, 31
List the prime factors of 39839.
39839
What are the prime factors of 528?
2, 3, 11
What are the prime factors of 114122?
2, 43, 1327
List the prime factors of 944.
2, 59
List the prime factors of 12594.
2, 3, 2099
List the prime factors of 3937.
31, 127
List the prime factors of 180.
2, 3, 5
List the prime factors of 9044.
2, 7, 17, 19
List the prime factors of 5745.
3, 5, 383
What are the prime factors of 4446?
2, 3, 13, 19
What are the prime factors of 59491?
41, 1451
What are the prime factors of 3763?
53, 71
What are the prime factors of 1956?
2, 3, 163
What are the prime factors of 6063?
3, 43, 47
What are the prime factors of 95960?
2, 5, 2399
What are the prime factors of 642?
2, 3, 107
List the prime factors of 20315.
5, 17, 239
What are the prime factors of 4280?
2, 5, 107
List the prime factors of 11300.
2, 5, 113
What are the prime factors of 18176?
2, 71
What are the prime factors of 2875?
5, 23
What are the prime factors of 30137?
30137
What are the prime factors of 1979?
1979
List the prime factors of 1429.
1429
What are the prime factors of 29294?
2, 97, 151
List the prime factors of 1752.
2, 3, 73
List the prime factors of 740.
2, 5, 37
List the prime factors of 1530.
2, 3, 5, 17
What are the prime factors of 7540?
2, 5, 13, 29
What are the prime factors of 158166?
2, 3, 29, 101
List the prime factors of 7589.
7589
What are the prime factors of 490?
2, 5, 7
What are the prime factors of 7209?
3, 89
What are the prime factors of 16277?
41, 397
List the prime factors of 9737.
7, 13, 107
What are the prime factors of 7839?
3, 13, 67
List the prime fac